{"id":11,"date":"2024-03-16T02:19:44","date_gmt":"2024-03-16T01:19:44","guid":{"rendered":"https:\/\/toulouse.wordcamp.org\/2025\/location\/"},"modified":"2025-05-11T21:28:49","modified_gmt":"2025-05-11T19:28:49","slug":"lieu","status":"publish","type":"page","link":"https:\/\/toulouse.wordcamp.org\/2025\/lieu\/","title":{"rendered":"Th\u00e9\u00e2tredelaCit\u00e9 &#8211; CDN Toulouse Occitanie"},"content":{"rendered":"\n<figure class=\"wp-block-image size-full has-custom-border is-style-default\" style=\"margin-top:var(--wp--preset--spacing--50);margin-bottom:var(--wp--preset--spacing--50)\"><img loading=\"lazy\" decoding=\"async\" width=\"1920\" height=\"1440\" data-attachment-id=\"284\" data-permalink=\"https:\/\/toulouse.wordcamp.org\/2025\/lieu-acces\/\" data-orig-file=\"https:\/\/toulouse.wordcamp.org\/2025\/files\/2025\/02\/lieu-acces.jpg\" data-orig-size=\"1920,1440\" data-comments-opened=\"1\" data-image-meta=\"{&quot;aperture&quot;:&quot;0&quot;,&quot;credit&quot;:&quot;&quot;,&quot;camera&quot;:&quot;&quot;,&quot;caption&quot;:&quot;&quot;,&quot;created_timestamp&quot;:&quot;0&quot;,&quot;copyright&quot;:&quot;&quot;,&quot;focal_length&quot;:&quot;0&quot;,&quot;iso&quot;:&quot;0&quot;,&quot;shutter_speed&quot;:&quot;0&quot;,&quot;title&quot;:&quot;&quot;,&quot;orientation&quot;:&quot;0&quot;}\" data-image-title=\"lieu-acces\" data-image-description=\"\" data-image-caption=\"&lt;p&gt;\u00a9 Th\u00e9\u00e2tredelaCit\u00e9&lt;\/p&gt;\n\" data-medium-file=\"https:\/\/toulouse.wordcamp.org\/2025\/files\/2025\/02\/lieu-acces-300x225.jpg\" data-large-file=\"https:\/\/toulouse.wordcamp.org\/2025\/files\/2025\/02\/lieu-acces-1024x768.jpg\" src=\"https:\/\/toulouse.wordcamp.org\/2025\/files\/2025\/02\/lieu-acces.jpg\" alt=\"\" class=\"wp-image-284\" style=\"border-radius:8px;aspect-ratio:16\/9;object-fit:cover\" srcset=\"https:\/\/toulouse.wordcamp.org\/2025\/files\/2025\/02\/lieu-acces.jpg 1920w, https:\/\/toulouse.wordcamp.org\/2025\/files\/2025\/02\/lieu-acces-300x225.jpg 300w, https:\/\/toulouse.wordcamp.org\/2025\/files\/2025\/02\/lieu-acces-1024x768.jpg 1024w, https:\/\/toulouse.wordcamp.org\/2025\/files\/2025\/02\/lieu-acces-768x576.jpg 768w, https:\/\/toulouse.wordcamp.org\/2025\/files\/2025\/02\/lieu-acces-400x300.jpg 400w, https:\/\/toulouse.wordcamp.org\/2025\/files\/2025\/02\/lieu-acces-1536x1152.jpg 1536w\" sizes=\"auto, (max-width: 1920px) 100vw, 1920px\" \/><\/figure>\n\n\n\n<p>Le WordCamp Toulouse 2025 se tiendra au <strong>Th\u00e9\u00e2tredelaCit\u00e9 \u2013 CDN Toulouse Occitanie<\/strong> : <br><strong>3, rue Labeda, 31000 Toulouse.<\/strong> (<a href=\"https:\/\/www.google.fr\/maps\/place\/3+Rue+Labeda,+31000+Toulouse\/@43.6043062,1.4468652,17z\/data=!3m1!4b1!4m6!3m5!1s0x12aebc9be1afbef7:0x8a4649ab64b5614a!8m2!3d43.6043023!4d1.4494455!16s%2Fg%2F11rgdjb15b?coh=245189&amp;entry=tts&amp;g_ep=EgoyMDI1MDUwNy4wIPu8ASoJLDEwMjExNDU1SAFQAw%3D%3D&amp;skid=4174abaa-8382-441d-82e8-d029bee5698c\" target=\"_blank\" rel=\"noreferrer noopener\">Voir la carte<\/a>)<\/p>\n\n\n\n<p>Vous le trouverez \u00e0 l&rsquo;angle de la rue Pierre Baudis et de la rue Labeda, \u00e0 deux pas de la place Wilson et du m\u00e9tro Jean Jaur\u00e8s.<\/p>\n\n\n\n<div class=\"wp-block-group has-global-padding is-layout-constrained wp-block-group-is-layout-constrained\" style=\"padding-top:var(--wp--preset--spacing--40)\">\n<h2 class=\"wp-block-heading\">Entrez en sc\u00e8ne<\/h2>\n\n\n\n<p>Bienvenue dans ce lieu qui a du caract\u00e8re\u202f!<br><br>Le <strong>Th\u00e9\u00e2tredelaCit\u00e9<\/strong> &#8211; CDN Toulouse Occitanie (Centre Dramatique National de Toulouse Occitanie), combine avec brio un soup\u00e7on d\u2019histoire et une touche de modernit\u00e9.<br>Vous d\u00e9couvrirez ici un cadre cr\u00e9atif et convivial, id\u00e9al pour favoriser le partage d\u2019expertises et les \u00e9changes enrichissants lors du WordCamp.<\/p>\n<\/div>\n\n\n\n<div class=\"wp-block-group has-global-padding is-layout-constrained wp-block-group-is-layout-constrained\" style=\"padding-top:var(--wp--preset--spacing--60);padding-bottom:var(--wp--preset--spacing--40)\">\n<h2 class=\"wp-block-heading\">La salle Tiger<\/h2>\n\n\n\n<p>Cette grande salle accueillera des conf\u00e9rences grand public. Cet espace vaste et lumineux est parfait pour rassembler un grand nombre de participants dans une ambiance conviviale et dynamique.<\/p>\n\n\n\n<figure class=\"wp-block-image size-large is-resized has-custom-border\" style=\"margin-top:var(--wp--preset--spacing--50)\"><img decoding=\"async\" src=\"https:\/\/toulouse.wordcamp.org\/2025\/files\/2025\/02\/lieu-salle-1024x683.jpg\" alt=\"\" style=\"border-radius:8px;aspect-ratio:16\/9;object-fit:cover;width:auto;height:600px\" \/><\/figure>\n<\/div>\n\n\n\n<div class=\"wp-block-group has-global-padding is-layout-constrained wp-block-group-is-layout-constrained\" style=\"padding-top:var(--wp--preset--spacing--60);padding-bottom:var(--wp--preset--spacing--40)\">\n<h2 class=\"wp-block-heading\">La salle Cloud<\/h2>\n\n\n\n<p>Cette salle sera d\u00e9di\u00e9 aux conf\u00e9rences plus techniques. Dans ce cadre plus intimiste, vous pourrez profiter d\u2019\u00e9changes pointus et de pr\u00e9sentations cibl\u00e9es pour approfondir vos connaissances.<\/p>\n\n\n\n<figure class=\"wp-block-image size-large is-resized has-custom-border\" style=\"margin-top:var(--wp--preset--spacing--50)\"><img decoding=\"async\" src=\"https:\/\/toulouse.wordcamp.org\/2025\/files\/2025\/02\/lieu-cub-1024x683.jpg\" alt=\"\" style=\"border-radius:8px;aspect-ratio:16\/9;object-fit:cover;width:auto;height:600px\" \/><\/figure>\n<\/div>\n\n\n\n<div class=\"wp-block-group has-global-padding is-layout-constrained wp-block-group-is-layout-constrained\" style=\"padding-top:var(--wp--preset--spacing--60);padding-bottom:var(--wp--preset--spacing--40)\">\n<h2 class=\"wp-block-heading\">Un espace convivial<\/h2>\n\n\n\n<p>Le hall d\u2019accueil spacieux et lumineux vous invite, d\u00e8s votre arriv\u00e9e, \u00e0 vous d\u00e9tendre et \u00e0 aller \u00e0 la rencontre des autres participants.<br><br>En sous-sol, les Halles de la Cit\u00e9 vous proposent un espace de restauration chaleureux, id\u00e9al pour savourer une pause gourmande dans une ambiance d\u00e9contract\u00e9e.<br><br>Tout est r\u00e9uni pour profiter pleinement de votre WordCamp !<br><br><br><\/p>\n\n\n\n<figure class=\"wp-block-image size-large is-resized has-custom-border\" style=\"margin-top:var(--wp--preset--spacing--50)\"><img decoding=\"async\" src=\"https:\/\/toulouse.wordcamp.org\/2025\/files\/2025\/02\/lieu-mezzanine-1024x683.jpg\" alt=\"\" style=\"border-radius:8px;aspect-ratio:16\/9;object-fit:cover;width:auto;height:600px\" \/><\/figure>\n<\/div>\n\n\n\n<div class=\"wp-block-group alignfull has-global-padding is-layout-constrained wp-container-core-group-is-layout-19e250f3 wp-block-group-is-layout-constrained\">\n<div class=\"wp-block-group alignfull has-background has-global-padding is-layout-constrained wp-block-group-is-layout-constrained\" style=\"background:linear-gradient(180deg,rgb(255,255,255) 46%,rgb(241,221,255) 46%);padding-bottom:var(--wp--preset--spacing--40)\">\n<figure class=\"wp-block-gallery has-nested-images columns-default is-cropped wp-block-gallery-1 is-layout-flex wp-block-gallery-is-layout-flex\">\n<figure class=\"wp-block-image size-large has-custom-border\"><img loading=\"lazy\" decoding=\"async\" width=\"576\" height=\"1024\" data-attachment-id=\"287\" data-permalink=\"https:\/\/toulouse.wordcamp.org\/2025\/lieu-halle\/\" data-orig-file=\"https:\/\/toulouse.wordcamp.org\/2025\/files\/2025\/02\/lieu-halle.jpg\" data-orig-size=\"1080,1920\" data-comments-opened=\"1\" data-image-meta=\"{&quot;aperture&quot;:&quot;0&quot;,&quot;credit&quot;:&quot;&quot;,&quot;camera&quot;:&quot;&quot;,&quot;caption&quot;:&quot;&quot;,&quot;created_timestamp&quot;:&quot;0&quot;,&quot;copyright&quot;:&quot;&quot;,&quot;focal_length&quot;:&quot;0&quot;,&quot;iso&quot;:&quot;0&quot;,&quot;shutter_speed&quot;:&quot;0&quot;,&quot;title&quot;:&quot;&quot;,&quot;orientation&quot;:&quot;0&quot;}\" data-image-title=\"lieu-halle\" data-image-description=\"\" data-image-caption=\"&lt;p&gt;\u00a9 Maud Wallet&lt;\/p&gt;\n\" data-medium-file=\"https:\/\/toulouse.wordcamp.org\/2025\/files\/2025\/02\/lieu-halle-169x300.jpg\" data-large-file=\"https:\/\/toulouse.wordcamp.org\/2025\/files\/2025\/02\/lieu-halle-576x1024.jpg\" data-id=\"287\" src=\"https:\/\/toulouse.wordcamp.org\/2025\/files\/2025\/02\/lieu-halle-576x1024.jpg\" alt=\"\" class=\"wp-image-287\" style=\"border-radius:8px\" srcset=\"https:\/\/toulouse.wordcamp.org\/2025\/files\/2025\/02\/lieu-halle-576x1024.jpg 576w, https:\/\/toulouse.wordcamp.org\/2025\/files\/2025\/02\/lieu-halle-169x300.jpg 169w, https:\/\/toulouse.wordcamp.org\/2025\/files\/2025\/02\/lieu-halle-768x1365.jpg 768w, https:\/\/toulouse.wordcamp.org\/2025\/files\/2025\/02\/lieu-halle-864x1536.jpg 864w, https:\/\/toulouse.wordcamp.org\/2025\/files\/2025\/02\/lieu-halle.jpg 1080w\" sizes=\"auto, (max-width: 576px) 100vw, 576px\" \/><\/figure>\n\n\n\n<figure class=\"wp-block-image size-large has-custom-border\"><img loading=\"lazy\" decoding=\"async\" width=\"576\" height=\"1024\" data-attachment-id=\"286\" data-permalink=\"https:\/\/toulouse.wordcamp.org\/2025\/lieu-espace\/\" data-orig-file=\"https:\/\/toulouse.wordcamp.org\/2025\/files\/2025\/02\/lieu-espace.jpg\" data-orig-size=\"1080,1920\" data-comments-opened=\"1\" data-image-meta=\"{&quot;aperture&quot;:&quot;0&quot;,&quot;credit&quot;:&quot;&quot;,&quot;camera&quot;:&quot;&quot;,&quot;caption&quot;:&quot;&quot;,&quot;created_timestamp&quot;:&quot;0&quot;,&quot;copyright&quot;:&quot;&quot;,&quot;focal_length&quot;:&quot;0&quot;,&quot;iso&quot;:&quot;0&quot;,&quot;shutter_speed&quot;:&quot;0&quot;,&quot;title&quot;:&quot;&quot;,&quot;orientation&quot;:&quot;0&quot;}\" data-image-title=\"lieu-espace\" data-image-description=\"\" data-image-caption=\"&lt;p&gt;\u00a9 Maud Wallet&lt;\/p&gt;\n\" data-medium-file=\"https:\/\/toulouse.wordcamp.org\/2025\/files\/2025\/02\/lieu-espace-169x300.jpg\" data-large-file=\"https:\/\/toulouse.wordcamp.org\/2025\/files\/2025\/02\/lieu-espace-576x1024.jpg\" data-id=\"286\" src=\"https:\/\/toulouse.wordcamp.org\/2025\/files\/2025\/02\/lieu-espace-576x1024.jpg\" alt=\"\" class=\"wp-image-286\" style=\"border-radius:8px\" srcset=\"https:\/\/toulouse.wordcamp.org\/2025\/files\/2025\/02\/lieu-espace-576x1024.jpg 576w, https:\/\/toulouse.wordcamp.org\/2025\/files\/2025\/02\/lieu-espace-169x300.jpg 169w, https:\/\/toulouse.wordcamp.org\/2025\/files\/2025\/02\/lieu-espace-768x1365.jpg 768w, https:\/\/toulouse.wordcamp.org\/2025\/files\/2025\/02\/lieu-espace-864x1536.jpg 864w, https:\/\/toulouse.wordcamp.org\/2025\/files\/2025\/02\/lieu-espace.jpg 1080w\" sizes=\"auto, (max-width: 576px) 100vw, 576px\" \/><\/figure>\n<\/figure>\n<\/div>\n\n\n\n<div class=\"wp-block-group alignfull has-custom-violet-tres-leger-background-color has-background has-global-padding is-layout-constrained wp-block-group-is-layout-constrained\">\n<div class=\"wp-block-group alignfull has-custom-violet-tr-s-l-ger-background-color has-background has-global-padding is-layout-constrained wp-block-group-is-layout-constrained\" style=\"margin-top:0;padding-top:var(--wp--preset--spacing--80);padding-bottom:var(--wp--preset--spacing--50)\">\n<div class=\"wp-block-columns is-layout-flex wp-container-core-columns-is-layout-28f84493 wp-block-columns-is-layout-flex\">\n<div class=\"wp-block-column is-layout-flow wp-block-column-is-layout-flow\">\n<figure class=\"wp-block-image size-large is-resized has-custom-border\"><img loading=\"lazy\" decoding=\"async\" width=\"1024\" height=\"768\" data-attachment-id=\"284\" data-permalink=\"https:\/\/toulouse.wordcamp.org\/2025\/lieu-acces\/\" data-orig-file=\"https:\/\/toulouse.wordcamp.org\/2025\/files\/2025\/02\/lieu-acces.jpg\" data-orig-size=\"1920,1440\" data-comments-opened=\"1\" data-image-meta=\"{&quot;aperture&quot;:&quot;0&quot;,&quot;credit&quot;:&quot;&quot;,&quot;camera&quot;:&quot;&quot;,&quot;caption&quot;:&quot;&quot;,&quot;created_timestamp&quot;:&quot;0&quot;,&quot;copyright&quot;:&quot;&quot;,&quot;focal_length&quot;:&quot;0&quot;,&quot;iso&quot;:&quot;0&quot;,&quot;shutter_speed&quot;:&quot;0&quot;,&quot;title&quot;:&quot;&quot;,&quot;orientation&quot;:&quot;0&quot;}\" data-image-title=\"lieu-acces\" data-image-description=\"\" data-image-caption=\"&lt;p&gt;\u00a9 Th\u00e9\u00e2tredelaCit\u00e9&lt;\/p&gt;\n\" data-medium-file=\"https:\/\/toulouse.wordcamp.org\/2025\/files\/2025\/02\/lieu-acces-300x225.jpg\" data-large-file=\"https:\/\/toulouse.wordcamp.org\/2025\/files\/2025\/02\/lieu-acces-1024x768.jpg\" src=\"https:\/\/toulouse.wordcamp.org\/2025\/files\/2025\/02\/lieu-acces-1024x768.jpg\" alt=\"\" class=\"wp-image-284\" style=\"border-radius:8px;aspect-ratio:16\/9;object-fit:cover;width:auto;height:250px\" srcset=\"https:\/\/toulouse.wordcamp.org\/2025\/files\/2025\/02\/lieu-acces-1024x768.jpg 1024w, https:\/\/toulouse.wordcamp.org\/2025\/files\/2025\/02\/lieu-acces-300x225.jpg 300w, https:\/\/toulouse.wordcamp.org\/2025\/files\/2025\/02\/lieu-acces-768x576.jpg 768w, https:\/\/toulouse.wordcamp.org\/2025\/files\/2025\/02\/lieu-acces-400x300.jpg 400w, https:\/\/toulouse.wordcamp.org\/2025\/files\/2025\/02\/lieu-acces-1536x1152.jpg 1536w, https:\/\/toulouse.wordcamp.org\/2025\/files\/2025\/02\/lieu-acces.jpg 1920w\" sizes=\"auto, (max-width: 1024px) 100vw, 1024px\" \/><figcaption class=\"wp-element-caption\">Cr\u00e9dits photos : \u00a9 Th\u00e9\u00e2tredelaCit\u00e9, Maud Wallet<\/figcaption><\/figure>\n<\/div>\n\n\n\n<div class=\"wp-block-column is-vertically-aligned-top is-layout-flow wp-block-column-is-layout-flow\">\n<h2 class=\"wp-block-heading has-xx-large-font-size\">Acc\u00e8s<\/h2>\n\n\n\n<p class=\"has-large-font-size\" style=\"border-radius:8px\"><strong>Adresse du Th\u00e9\u00e2tre<\/strong><\/p>\n\n\n\n<p><strong>1, rue Pierre Baudis<br>31000 Toulouse<\/strong><\/p>\n<\/div>\n<\/div>\n<\/div>\n\n\n\n<div class=\"wp-block-group alignfull has-custom-violet-tr-s-l-ger-background-color has-background has-global-padding is-layout-constrained wp-block-group-is-layout-constrained\" style=\"margin-top:0;padding-top:0;padding-bottom:var(--wp--preset--spacing--80)\">\n<div class=\"wp-block-group alignwide has-global-padding is-layout-constrained wp-block-group-is-layout-constrained\">\n<div class=\"wp-block-group alignwide is-content-justification-center is-nowrap is-layout-flex wp-container-core-group-is-layout-23441af8 wp-block-group-is-layout-flex\">\n<div class=\"wp-block-columns is-layout-flex wp-container-core-columns-is-layout-28f84493 wp-block-columns-is-layout-flex\">\n<div class=\"wp-block-column is-layout-flow wp-block-column-is-layout-flow\">\n<p class=\"has-custom-violet-color has-text-color has-link-color has-large-font-size wp-elements-53891e40b7586242d5575bd435bb85bf\" style=\"border-radius:8px\"><a href=\"https:\/\/plan-interactif.tisseo.fr\/around\" target=\"_blank\" rel=\"noreferrer noopener nofollow\"><strong>Transports <\/strong><br><strong>en commun<\/strong><\/a><\/p>\n\n\n\n<p>M\u00e9tro <strong>Jean-Jaur\u00e8s<\/strong> <br>(ligne A ou B)<\/p>\n\n\n\n<p>M\u00e9tro <strong>Capitole<\/strong> <br>(ligne A)<\/p>\n\n\n\n<p>Bus <strong>Jean Jaur\u00e8s<\/strong> <br>(lignes 14, 23, L1, L8, L9)<\/p>\n<\/div>\n\n\n\n<div class=\"wp-block-column is-layout-flow wp-block-column-is-layout-flow\">\n<p class=\"has-custom-violet-color has-text-color has-link-color has-large-font-size wp-elements-7dce4e366ea5157d00022f64fe697659\" style=\"border-radius:8px\"><strong><a href=\"https:\/\/velotoulouse.tisseo.fr\/fr\/mapping\" target=\"_blank\" rel=\"noreferrer noopener nofollow\">V\u00e9lo<\/a><\/strong><\/p>\n\n\n\n<p>Borne v\u00e9l\u00f4Toulouse<\/p>\n\n\n\n<p><strong>Carnot &#8211; Labeda<\/strong><br>63 boulevard Lazare Carnot<br>31000 Toulouse<\/p>\n\n\n\n<p><strong>Carnot &#8211; Trois Journ\u00e9es<\/strong><br>69 boulevard Lazare Carnot<br>31000 Toulouse<\/p>\n<\/div>\n\n\n\n<div class=\"wp-block-column is-layout-flow wp-block-column-is-layout-flow\">\n<p class=\"has-large-font-size\" style=\"border-radius:8px\"><strong>Voiture<\/strong><\/p>\n\n\n\n<p class=\"has-custom-violet-color has-text-color has-link-color wp-elements-e12456d3e86b5d8c6ad4593ea3b0baaa\"><strong><a href=\"https:\/\/maps.app.goo.gl\/L6bXcqvwBu6iSjr97\" target=\"_blank\" rel=\"noreferrer noopener nofollow\">Parking Indigo Toulouse Carnot<\/a><\/strong><br>8 bis boulevard Lazare Carnot<br>31000 Toulouse<\/p>\n\n\n\n<p class=\"has-custom-violet-color has-text-color has-link-color wp-elements-4e7a462fbe098e9b918b0211c7efed50\"><strong><a href=\"https:\/\/www.tisseo.fr\/se-deplacer\/bien-voyager\/se-garer\" target=\"_blank\" rel=\"noreferrer noopener nofollow\">Parking relais \u00e0 acc\u00e8s libre<\/a><\/strong><br>Gratuit en p\u00e9riph\u00e9rie avec acc\u00e8s au m\u00e9tro<\/p>\n<\/div>\n\n\n\n<div class=\"wp-block-column is-layout-flow wp-block-column-is-layout-flow\">\n<p class=\"has-large-font-size\" style=\"border-radius:8px\"><strong>Train<\/strong><\/p>\n\n\n\n<p class=\"has-custom-violet-color has-text-color has-link-color wp-elements-d308a9671170a413396f83a5a7016ed8\"><a href=\"https:\/\/www.sncf-connect.com\/gares\/toulouse\/toulouse-matabiau\" target=\"_blank\" rel=\"noreferrer noopener nofollow\"><strong>Gare de Toulouse-Matabiau<\/strong><br><\/a>Boulevard Pierre S\u00e9mard<br>31000 Toulouse<br><a href=\"https:\/\/maps.app.goo.gl\/KgpnosgS7VCSL4c18\">\u00c0 16mn \u00e0 pied du lieu<\/a><\/p>\n\n\n\n<p class=\"has-large-font-size\" style=\"border-radius:8px\"><strong>Avion<\/strong><\/p>\n\n\n\n<p class=\"has-custom-violet-color has-text-color has-link-color wp-elements-afc75f099f5e857525b35f837496aebf\"><strong><a href=\"https:\/\/www.toulouse.aeroport.fr\/\" target=\"_blank\" rel=\"noreferrer noopener nofollow\">A\u00e9roport Toulouse-Blagnac<\/a><\/strong><br><a href=\"https:\/\/www.tisseo.fr\/se-deplacer\/navette-aeroport\">\u00c0 22mn en navette a\u00e9roport ou en 1h10 en tram T1 + m\u00e9tro ligne A<\/a><\/p>\n<\/div>\n<\/div>\n<\/div>\n<\/div>\n<\/div>\n<\/div>\n<\/div>\n","protected":false},"excerpt":{"rendered":"<p>Le WordCamp Toulouse 2025 se tiendra au Th\u00e9\u00e2tredelaCit\u00e9 \u2013 CDN Toulouse Occitanie : 3, rue Labeda, 31000 Toulouse. (Voir la carte) Vous le trouverez \u00e0 l&rsquo;angle de la rue Pierre Baudis et de la rue Labeda, \u00e0 deux pas de la place Wilson et du m\u00e9tro Jean Jaur\u00e8s.<\/p>\n","protected":false},"author":15676079,"featured_media":0,"parent":0,"menu_order":0,"comment_status":"closed","ping_status":"closed","template":"","meta":{"advanced_seo_description":"","jetpack_seo_html_title":"","jetpack_seo_noindex":false,"jetpack_post_was_ever_published":false,"footnotes":""},"class_list":["post-11","page","type-page","status-publish","hentry"],"jetpack_sharing_enabled":true,"_links":{"self":[{"href":"https:\/\/toulouse.wordcamp.org\/2025\/wp-json\/wp\/v2\/pages\/11","targetHints":{"allow":["GET"]}}],"collection":[{"href":"https:\/\/toulouse.wordcamp.org\/2025\/wp-json\/wp\/v2\/pages"}],"about":[{"href":"https:\/\/toulouse.wordcamp.org\/2025\/wp-json\/wp\/v2\/types\/page"}],"author":[{"embeddable":true,"href":"https:\/\/toulouse.wordcamp.org\/2025\/wp-json\/wp\/v2\/users\/15676079"}],"replies":[{"embeddable":true,"href":"https:\/\/toulouse.wordcamp.org\/2025\/wp-json\/wp\/v2\/comments?post=11"}],"version-history":[{"count":42,"href":"https:\/\/toulouse.wordcamp.org\/2025\/wp-json\/wp\/v2\/pages\/11\/revisions"}],"predecessor-version":[{"id":3156,"href":"https:\/\/toulouse.wordcamp.org\/2025\/wp-json\/wp\/v2\/pages\/11\/revisions\/3156"}],"wp:attachment":[{"href":"https:\/\/toulouse.wordcamp.org\/2025\/wp-json\/wp\/v2\/media?parent=11"}],"curies":[{"name":"wp","href":"https:\/\/api.w.org\/{rel}","templated":true}]}}