{"id":231,"date":"2025-02-06T10:13:45","date_gmt":"2025-02-06T09:13:45","guid":{"rendered":"https:\/\/toulouse.wordcamp.org\/2025\/?page_id=231"},"modified":"2025-05-29T09:29:37","modified_gmt":"2025-05-29T07:29:37","slug":"infos-pratiques","status":"publish","type":"page","link":"https:\/\/toulouse.wordcamp.org\/2025\/infos-pratiques\/","title":{"rendered":"Infos pratiques"},"content":{"rendered":"\n<div class=\"wp-block-group has-global-padding is-layout-constrained wp-container-core-group-is-layout-89d9386c wp-block-group-is-layout-constrained\" style=\"margin-top:0;margin-bottom:var(--wp--preset--spacing--60)\">\n<div class=\"wp-block-group has-custom-violet-background-color has-background has-global-padding is-layout-constrained wp-container-core-group-is-layout-24567ffd wp-block-group-is-layout-constrained\" style=\"border-radius:16px;padding-top:var(--wp--preset--spacing--40);padding-right:var(--wp--preset--spacing--40);padding-bottom:var(--wp--preset--spacing--40);padding-left:var(--wp--preset--spacing--40)\">\n<h2 class=\"wp-block-heading has-text-align-center has-base-color has-text-color has-link-color has-large-font-size wp-elements-616bbd06968230e73ae783c44810072b\" id=\"acces-rapides\">Acc\u00e8s rapides<\/h2>\n\n\n\n<div class=\"wp-block-group is-layout-grid wp-container-core-group-is-layout-2931688a wp-block-group-is-layout-grid\">\n<div class=\"wp-block-group has-custom-violet-tres-leger-background-color has-background wp-container-content-8e5365db has-global-padding is-layout-constrained wp-container-core-group-is-layout-80fb368b wp-block-group-is-layout-constrained\" style=\"border-radius:8px;padding-top:var(--wp--preset--spacing--30);padding-right:var(--wp--preset--spacing--30);padding-bottom:var(--wp--preset--spacing--30);padding-left:var(--wp--preset--spacing--30)\">\n<p class=\"has-text-align-center has-custom-violet-color has-text-color has-link-color wp-elements-ac80d73e0af12937036c0623a75bc2cf\"><a href=\"#horaires\"><strong>Les horaires<\/strong><\/a><\/p>\n<\/div>\n\n\n\n<div class=\"wp-block-group has-custom-violet-tres-leger-background-color has-background wp-container-content-8e5365db has-global-padding is-layout-constrained wp-container-core-group-is-layout-a35945ca wp-block-group-is-layout-constrained\" style=\"border-radius:8px;padding-top:var(--wp--preset--spacing--30);padding-right:var(--wp--preset--spacing--30);padding-bottom:var(--wp--preset--spacing--30);padding-left:var(--wp--preset--spacing--30)\">\n<p class=\"has-text-align-center has-custom-violet-color has-text-color has-link-color wp-elements-84553e550a0e990fb215032dc62423a4\"><a href=\"#bagages\"><strong>Les bagages<\/strong><\/a><\/p>\n<\/div>\n\n\n\n<div class=\"wp-block-group has-custom-violet-tres-leger-background-color has-background wp-container-content-8e5365db has-global-padding is-layout-constrained wp-container-core-group-is-layout-a35945ca wp-block-group-is-layout-constrained\" style=\"border-radius:8px;padding-top:var(--wp--preset--spacing--30);padding-right:var(--wp--preset--spacing--30);padding-bottom:var(--wp--preset--spacing--30);padding-left:var(--wp--preset--spacing--30)\">\n<p class=\"has-text-align-center has-custom-violet-color has-text-color has-link-color wp-elements-0cf00e18269982eeb1bb0a3c268a88ea\"><strong><a href=\"#faq\">Covoiturage et cododo<\/a><\/strong><\/p>\n<\/div>\n\n\n\n<div class=\"wp-block-group has-custom-violet-tres-leger-background-color has-background wp-container-content-8e5365db has-global-padding is-layout-constrained wp-container-core-group-is-layout-a35945ca wp-block-group-is-layout-constrained\" style=\"border-radius:8px;padding-top:var(--wp--preset--spacing--30);padding-right:var(--wp--preset--spacing--30);padding-bottom:var(--wp--preset--spacing--30);padding-left:var(--wp--preset--spacing--30)\">\n<p class=\"has-text-align-center has-custom-violet-color has-text-color has-link-color wp-elements-23f8e407b41db181b2fcb18e6d39e061\"><strong><a href=\"#transports\">Les transports<\/a><\/strong><\/p>\n<\/div>\n\n\n\n<div class=\"wp-block-group has-custom-violet-tres-leger-background-color has-background wp-container-content-621e7e00 has-global-padding is-layout-constrained wp-container-core-group-is-layout-a35945ca wp-block-group-is-layout-constrained\" style=\"border-radius:8px;padding-top:var(--wp--preset--spacing--30);padding-right:var(--wp--preset--spacing--30);padding-bottom:var(--wp--preset--spacing--30);padding-left:var(--wp--preset--spacing--30)\">\n<p class=\"has-text-align-center has-custom-violet-color has-text-color has-link-color wp-elements-492426df8642124aa5b61db7eea2efb0\"><strong><a href=\"#faq\">La FAQ<\/a><\/strong><\/p>\n<\/div>\n<\/div>\n<\/div>\n\n\n\n<div class=\"wp-block-group has-base-background-color has-background is-content-justification-space-between is-nowrap is-layout-flex wp-container-core-group-is-layout-fde646a4 wp-block-group-is-layout-flex\" style=\"border-radius:16px;padding-top:var(--wp--preset--spacing--40);padding-right:var(--wp--preset--spacing--40);padding-bottom:var(--wp--preset--spacing--40);padding-left:var(--wp--preset--spacing--40)\">\n<div class=\"wp-block-group has-global-padding is-layout-constrained wp-block-group-is-layout-constrained\">\n<div class=\"wp-block-group has-global-padding is-layout-constrained wp-container-core-group-is-layout-19e250f3 wp-block-group-is-layout-constrained\">\n<p class=\"has-custom-violet-color has-text-color has-link-color has-small-font-size wp-elements-2cd6de36e4608ca90ed7d555c090d97c\"><strong>Jeudi 22 mai 2025<\/strong><\/p>\n\n\n\n<p class=\"has-large-font-size\"><strong>Journ\u00e9e de contribution<\/strong><\/p>\n<\/div>\n\n\n\n<p>La Cantine<br>27 rue d\u2019Aubuisson,<br>31000 Toulouse<\/p>\n\n\n\n<p>\ud83d\udd17 <a href=\"https:\/\/lacantine-toulouse.org\/\" target=\"_blank\" rel=\"noreferrer noopener nofollow\">https:\/\/lacantine-toulouse.org\/<\/a><\/p>\n<\/div>\n\n\n\n<div class=\"wp-block-group has-global-padding is-layout-constrained wp-block-group-is-layout-constrained\">\n<div class=\"wp-block-group has-global-padding is-layout-constrained wp-container-core-group-is-layout-19e250f3 wp-block-group-is-layout-constrained\">\n<p class=\"has-small-font-size\"><strong>Vendredi 23 mai 2025<\/strong><\/p>\n\n\n\n<p class=\"has-large-font-size\"><strong>WordCamp Toulouse<\/strong><\/p>\n<\/div>\n\n\n\n<p>Th\u00e9\u00e2tredelaCit\u00e9 &#8211; CDN &#8211; Toulouse Occitannie<br>3 Rue Labeda<br>31000 Toulouse<\/p>\n\n\n\n<p>\ud83d\udd17 <a href=\"https:\/\/theatre-cite.com\/\" target=\"_blank\" rel=\"noreferrer noopener nofollow\">https:\/\/theatre-cite.com\/<\/a><\/p>\n<\/div>\n<\/div>\n\n\n\n<div id=\"horaires\" class=\"wp-block-group has-base-background-color has-background has-global-padding is-layout-constrained wp-container-core-group-is-layout-24567ffd wp-block-group-is-layout-constrained\" style=\"border-radius:16px;padding-top:var(--wp--preset--spacing--40);padding-right:var(--wp--preset--spacing--40);padding-bottom:var(--wp--preset--spacing--40);padding-left:var(--wp--preset--spacing--40)\">\n<h2 class=\"wp-block-heading alignwide\" id=\"les-horaires\">Les horaires<\/h2>\n\n\n\n<p>Le WordCamp Toulouse 2025 ouvrira ses portes \u00e0 <strong>8h15<\/strong> au Th\u00e9\u00e2tre de la Cit\u00e9.<\/p>\n\n\n\n<p>La derni\u00e8re conf\u00e9rence est annonc\u00e9e \u00e0 <strong>17h40<\/strong>, avec la cl\u00f4ture de ce premier WordCamp toulousain \u00e0 <strong>18h15<\/strong>. Rendez-vous \u00e0 partir de <strong>20h<\/strong> dans les sous-sol du Th\u00e9\u00e2tre pour un after endiabl\u00e9 (sur inscription).<\/p>\n<\/div>\n\n\n\n<div id=\"bagages\" class=\"wp-block-group has-base-background-color has-background has-global-padding is-layout-constrained wp-container-core-group-is-layout-24567ffd wp-block-group-is-layout-constrained\" style=\"border-radius:16px;padding-top:var(--wp--preset--spacing--40);padding-right:var(--wp--preset--spacing--40);padding-bottom:var(--wp--preset--spacing--40);padding-left:var(--wp--preset--spacing--40)\">\n<h2 class=\"wp-block-heading alignwide\" id=\"les-bagages\">Les bagages<\/h2>\n\n\n\n<p>Important ! Les bagages ne peuvent pas \u00eatre stock\u00e9s au Th\u00e9\u00e2tre. D\u00e9posez les d\u2019abord dans votre lieu d\u2019h\u00e9bergement. Si vous ne pouvez pas le faire, vous avez la possibilit\u00e9 d\u2019utiliser des consignes dans des boutiques, \u00e0 proximit\u00e9 du th\u00e9\u00e2tre :<\/p>\n\n\n\n<ul class=\"wp-block-list\">\n<li class=\"has-custom-violet-color has-text-color\"><a href=\"https:\/\/www.nannybag.com\/fr\/consigne-bagage\" target=\"_blank\" rel=\"noreferrer noopener nofollow\">Nannybag<\/a><\/li>\n\n\n\n<li class=\"has-custom-violet-color has-text-color\"><a href=\"https:\/\/radicalstorage.com\/fr\/storage-list\/toulouse\" target=\"_blank\" rel=\"noreferrer noopener nofollow\">Radical Storage<\/a><\/li>\n<\/ul>\n<\/div>\n\n\n\n<div id=\"bagages\" class=\"wp-block-group has-base-background-color has-background has-global-padding is-layout-constrained wp-container-core-group-is-layout-24567ffd wp-block-group-is-layout-constrained\" style=\"border-radius:16px;padding-top:var(--wp--preset--spacing--40);padding-right:var(--wp--preset--spacing--40);padding-bottom:var(--wp--preset--spacing--40);padding-left:var(--wp--preset--spacing--40)\">\n<h2 class=\"wp-block-heading alignwide\" id=\"les-bagages\">Covoiturage et cododo<\/h2>\n\n\n\n<p>Vous venez de loin ou vous cherchez \u00e0 rencontrer d&rsquo;autres participant\u00b7e\u00b7s avant m\u00eame l&rsquo;\u00e9v\u00e9nement ? On a pens\u00e9 \u00e0 vous ! Pour favoriser l&rsquo;entraide et les rencontres, on vous propose un fichier collaboratif o\u00f9 vous pouvez :<\/p>\n\n\n\n<ul class=\"wp-block-list\">\n<li class=\"has-custom-violet-color has-text-color\">proposer ou chercher un <strong>trajet en covoiturage<\/strong> \ud83d\ude97<\/li>\n\n\n\n<li class=\"has-custom-violet-color has-text-color\">proposer ou chercher un <strong>logement pour une ou plusieurs nuits<\/strong> \ud83d\udecf\ufe0f<\/li>\n<\/ul>\n<\/div>\n\n\n\n<div id=\"transports\" class=\"wp-block-group has-base-background-color has-background has-global-padding is-layout-constrained wp-container-core-group-is-layout-24567ffd wp-block-group-is-layout-constrained\" style=\"border-radius:16px;padding-top:var(--wp--preset--spacing--40);padding-right:var(--wp--preset--spacing--40);padding-bottom:var(--wp--preset--spacing--40);padding-left:var(--wp--preset--spacing--40)\">\n<h2 class=\"wp-block-heading alignwide\" id=\"les-transports\">Les transports<\/h2>\n\n\n\n<div class=\"wp-block-group has-global-padding is-layout-constrained wp-block-group-is-layout-constrained\" style=\"margin-bottom:var(--wp--preset--spacing--50)\">\n<h3 class=\"wp-block-heading\" id=\"voiture\">Voiture<\/h3>\n\n\n\n<p>La <a href=\"https:\/\/www.toulouse-tourisme.com\/preparer-son-sejour\/zfe-zone-a-faibles-emissions\/\" target=\"_blank\" rel=\"noreferrer noopener nofollow\">vignette Crit\u2019Air<\/a> est obligatoire pour circuler dans le centre de Toulouse. Privil\u00e9giez <a href=\"https:\/\/plan-interactif.tisseo.fr\/p+r\" target=\"_blank\" rel=\"noreferrer noopener nofollow\">les parcs relais<\/a> et les transports en commun pour vous rendre sur place.<\/p>\n\n\n\n<p>Parkings Indigo : <a href=\"https:\/\/www.indigoneo.fr\/fr\/parkings?service=booking&amp;vehicleType=car&amp;searchText=Jean%20Jaur%C3%A8s&amp;longitude=1.450002&amp;latitude=43.606888\">Saint-Georges<\/a> et <a href=\"https:\/\/www.indigoneo.fr\/fr\/parkings?service=booking&amp;vehicleType=car&amp;searchText=Jean%20Jaur%C3%A8s&amp;longitude=1.450002&amp;latitude=43.606888\">Jean-Jaur\u00e8s<\/a>. Comptez <strong>31,70\u20ac la journ\u00e9e<\/strong>.<\/p>\n\n\n\n<p>Pour les v\u00e9hicules \u00e9lectriques, un forfait de stationnement de <strong>2h30 gratuites par jour<\/strong> est disponible <a href=\"https:\/\/metropole.toulouse.fr\/demarches\/enregistrer-un-vehicule-electrique-pour-la-gratuite-du-stationnement-sur-voirie\" target=\"_blank\" rel=\"noreferrer noopener nofollow\">aupr\u00e8s de la mairie de Toulouse<\/a>.<\/p>\n<\/div>\n\n\n\n<div class=\"wp-block-group has-global-padding is-layout-constrained wp-block-group-is-layout-constrained\" style=\"margin-bottom:var(--wp--preset--spacing--50)\">\n<h3 class=\"wp-block-heading\" id=\"train\">Train<\/h3>\n\n\n\n<p>Depuis la gare de <a href=\"https:\/\/maps.app.goo.gl\/iHvY4utnFYbpQNTZA\" target=\"_blank\" rel=\"noreferrer noopener nofollow\">Toulouse Matabiau<\/a>, situ\u00e9e en plein centre ville, vous avez acc\u00e8s aux deux lignes de m\u00e9tro et aux bus. Comptez <strong>16 minutes \u00e0 pied<\/strong> jusqu\u2019au Th\u00e9\u00e2tredelaCit\u00e9.<\/p>\n<\/div>\n\n\n\n<div class=\"wp-block-group has-global-padding is-layout-constrained wp-block-group-is-layout-constrained\" style=\"margin-bottom:var(--wp--preset--spacing--50)\">\n<h3 class=\"wp-block-heading\" id=\"avion\">Avion<\/h3>\n\n\n\n<p>Depuis l\u2019a\u00e9roport <a href=\"https:\/\/maps.app.goo.gl\/N67hSfheQKJvN6JAA\" target=\"_blank\" rel=\"noreferrer noopener nofollow\">Toulouse-Blagnac<\/a>, une navette emm\u00e8ne \u00e0 la gare Toulouse Matabiau <strong>toutes les 15 minutes<\/strong> (trajet de 20 \u00e0 40 minutes en fonction de l\u2019heure). L&rsquo;arr\u00eat le plus proche du Th\u00e9\u00e2tredelaCit\u00e9 est <strong>Jean-Jaur\u00e8s<\/strong>. Comptez <strong>9\u20ac<\/strong> pour un ticket \u00ab\u00a0d\u00e9placement a\u00e9roport\u00a0\u00bb.<\/p>\n\n\n\n<p>Les bus 30 et 31 (\u00e0 partir des arr\u00eats du Tramway Odyssud, Pasteur-Mairie de Blagnac et Guyenne-Berry sur la commune de Blagnac) d\u00e9posent \u00e9galement en ville.<\/p>\n<\/div>\n\n\n\n<div class=\"wp-block-group has-global-padding is-layout-constrained wp-block-group-is-layout-constrained\" style=\"margin-bottom:var(--wp--preset--spacing--50)\">\n<h3 class=\"wp-block-heading\" id=\"velo\">V\u00e9lo<\/h3>\n\n\n\n<p>2 stations V\u00e9l\u00f4Toulouse (v\u00e9los en libre service) sont proches du Th\u00e9\u00e2tre :<\/p>\n\n\n\n<ul class=\"wp-block-list\">\n<li><strong>Carnot Labeda<\/strong> : <a href=\"https:\/\/maps.app.goo.gl\/EmjQGKDNnModpZyG8\" target=\"_blank\" rel=\"noreferrer noopener nofollow\">63 boulevard Lazare Carnot 31000 Toulouse<\/a><\/li>\n\n\n\n<li><strong>Carnot Trois Journ\u00e9es<\/strong> : <a href=\"https:\/\/maps.app.goo.gl\/dZqUT21f6mw5eyRW9\" target=\"_blank\" rel=\"noreferrer noopener nofollow\">69 boulevard Lazare Carnot 31000 Toulouse<\/a><\/li>\n<\/ul>\n\n\n\n<p><a href=\"https:\/\/velotoulouse.tisseo.fr\/fr\/offers\/groups\/list#1100251\">Informations sur les tarifs.<\/a><\/p>\n<\/div>\n\n\n\n<div class=\"wp-block-group has-global-padding is-layout-constrained wp-block-group-is-layout-constrained\" style=\"margin-bottom:var(--wp--preset--spacing--50)\">\n<h3 class=\"wp-block-heading\" id=\"transports-en-commun\">Transports en commun<\/h3>\n\n\n\n<p><strong>M\u00e9tro<\/strong> : Sorties <strong>Jean-Jaur\u00e8s<\/strong> (ligne A\/B) et <strong>Capitole<\/strong> (ligne A).<\/p>\n\n\n\n<p>Premiers d\u00e9parts de chaque terminus : 5h15 du lundi au dimanche.<br>Derniers d\u00e9parts de chaque terminus : minuit du dimanche au mercredi.<br>Derniers d\u00e9parts de chaque terminus : 3h le jeudi, vendredi et samedi.<\/p>\n\n\n\n<p><strong><strong>Bus <\/strong><\/strong>: Arr\u00eat Jean-Jaur\u00e8s (L1, L8, L9, 14, 23), circulation de 5h \u00e0 0h30, dernier d\u00e9part pour les Lineo, de 6h \u00e0 21 h dernier d\u00e9part pour les bus.<\/p>\n\n\n\n<p><a href=\"https:\/\/theatre-cite.com\/se-rendre-au-theatre-accessibilite\/\" target=\"_blank\" rel=\"noreferrer noopener nofollow\">Informations pour se rendre au Th\u00e9\u00e2tredelaCit\u00e9. <\/a><\/p>\n<\/div>\n\n\n\n<div class=\"wp-block-group has-global-padding is-layout-constrained wp-block-group-is-layout-constrained\" style=\"margin-bottom:0\">\n<h3 class=\"wp-block-heading\" id=\"en-savoir-plus\">En savoir plus<\/h3>\n\n\n\n<p>Pour en savoir plus :&nbsp;<\/p>\n\n\n\n<ul class=\"wp-block-list\">\n<li><a href=\"https:\/\/www.toulouse-tourisme.com\/preparer-son-sejour\/se-deplacer-a-toulouse\/\" target=\"_blank\" rel=\"noreferrer noopener nofollow\">Se d\u00e9placer \u00e0 Toulouse<\/a><\/li>\n\n\n\n<li><a href=\"https:\/\/www.tisseo.fr\/FAQ?question=quels-sont-les-horaires-d-ouverture-du-reseau#:~:text=Pour%20le%20m%C3%A9tro%20%3A,les%20jeudis%20en%20vacances%20scolaires\" target=\"_blank\" rel=\"noreferrer noopener nofollow\">Horaires du r\u00e9seaux Tiss\u00e9o<\/a><\/li>\n<\/ul>\n<\/div>\n<\/div>\n\n\n\n<div id=\"faq\" class=\"wp-block-group has-base-background-color has-background has-global-padding is-layout-constrained wp-container-core-group-is-layout-24567ffd wp-block-group-is-layout-constrained\" style=\"border-radius:16px;padding-top:var(--wp--preset--spacing--40);padding-right:var(--wp--preset--spacing--40);padding-bottom:var(--wp--preset--spacing--40);padding-left:var(--wp--preset--spacing--40)\">\n<h2 class=\"wp-block-heading alignwide\" id=\"faq\">FAQ<\/h2>\n\n\n\n<details class=\"wp-block-details has-custom-violet-tres-leger-background-color has-background is-layout-flow wp-block-details-is-layout-flow\" style=\"padding-top:var(--wp--preset--spacing--30);padding-right:var(--wp--preset--spacing--30);padding-bottom:var(--wp--preset--spacing--30);padding-left:var(--wp--preset--spacing--30)\"><summary><strong>Les conf\u00e9rences ont lieu en fran\u00e7ais ? Si oui y aura t-il des traductions dispo pour les \u00e9trangers ?<\/strong><\/summary>\n<p>Toutes les conf\u00e9rences seront en fran\u00e7ais et ne seront malheureusement pas traduites en langue \u00e9trang\u00e8re.<\/p>\n<\/details>\n\n\n\n<details class=\"wp-block-details has-custom-violet-tres-leger-background-color has-background is-layout-flow wp-block-details-is-layout-flow\" style=\"padding-top:var(--wp--preset--spacing--30);padding-right:var(--wp--preset--spacing--30);padding-bottom:var(--wp--preset--spacing--30);padding-left:var(--wp--preset--spacing--30)\"><summary><strong>Est-ce que les conf\u00e9rences seront accessibles en replay ?<\/strong><\/summary>\n<p>Oui, toutes les conf\u00e9rences seront enregistr\u00e9es et publi\u00e9es sur <a href=\"https:\/\/wordpress.tv\" data-type=\"link\" data-id=\"wordpress.tv\" target=\"_blank\" rel=\"noreferrer noopener\">WordPress.tv<\/a> quelques temps apr\u00e8s le WordCamp Toulouse 2025.<\/p>\n<\/details>\n\n\n\n<details class=\"wp-block-details has-custom-violet-tres-leger-background-color has-background is-layout-flow wp-block-details-is-layout-flow\" style=\"padding-top:var(--wp--preset--spacing--30);padding-right:var(--wp--preset--spacing--30);padding-bottom:var(--wp--preset--spacing--30);padding-left:var(--wp--preset--spacing--30)\"><summary><strong>Combien de temps durent les conf\u00e9rences ?<\/strong><\/summary>\n<p>Chaque conf\u00e9rence dure 30 minutes avec 5 minutes d\u00e9di\u00e9es aux questions\/r\u00e9ponses.<\/p>\n<\/details>\n\n\n\n<details class=\"wp-block-details has-custom-violet-tres-leger-background-color has-background is-layout-flow wp-block-details-is-layout-flow\" style=\"padding-top:var(--wp--preset--spacing--30);padding-right:var(--wp--preset--spacing--30);padding-bottom:var(--wp--preset--spacing--30);padding-left:var(--wp--preset--spacing--30)\"><summary><strong>Quelle est la date limite pour acheter son billet ?<\/strong><\/summary>\n<p>Vous pouvez acheter votre billet jusqu&rsquo;au 10 mai 2025.<\/p>\n<\/details>\n\n\n\n<details class=\"wp-block-details has-custom-violet-tres-leger-background-color has-background is-layout-flow wp-block-details-is-layout-flow\" style=\"padding-top:var(--wp--preset--spacing--30);padding-right:var(--wp--preset--spacing--30);padding-bottom:var(--wp--preset--spacing--30);padding-left:var(--wp--preset--spacing--30)\"><summary><strong>Qu&rsquo;est-ce qui est inclus avec mon billet ?<\/strong><\/summary>\n<p>Votre billet vous donne acc\u00e8s \u00e0 toutes les conf\u00e9rences du WordCamp Toulouse 2025. Les repas et les collations tout le long de la journ\u00e9e sont \u00e9galement inclus. Vous disposez \u00e9galement d&rsquo;un acc\u00e8s \u00e0 l&rsquo;after (sur inscription).<\/p>\n<\/details>\n\n\n\n<details class=\"wp-block-details has-custom-violet-tres-leger-background-color has-background is-layout-flow wp-block-details-is-layout-flow\" style=\"padding-top:var(--wp--preset--spacing--30);padding-right:var(--wp--preset--spacing--30);padding-bottom:var(--wp--preset--spacing--30);padding-left:var(--wp--preset--spacing--30)\"><summary><strong>J&rsquo;aimerai \u00eatre b\u00e9n\u00e9vole. Qu&rsquo;est-ce que je peux faire le jour-j ?<\/strong><\/summary>\n<p>Merci infiniment pour votre int\u00e9r\u00eat, mais la liste des b\u00e9n\u00e9voles est compl\u00e8te.<\/p>\n<\/details>\n\n\n\n<details class=\"wp-block-details has-custom-violet-tres-leger-background-color has-background is-layout-flow wp-block-details-is-layout-flow\" style=\"padding-top:var(--wp--preset--spacing--30);padding-right:var(--wp--preset--spacing--30);padding-bottom:var(--wp--preset--spacing--30);padding-left:var(--wp--preset--spacing--30)\"><summary><strong>O\u00f9 aura lieu l&rsquo;after ?<\/strong><\/summary>\n<p>L&rsquo;after se tiendra aux Halles de la Cit\u00e9, situ\u00e9es au sous-sol du Th\u00e9\u00e2tredelaCit\u00e9.<\/p>\n<\/details>\n\n\n\n<details class=\"wp-block-details has-custom-violet-tres-leger-background-color has-background is-layout-flow wp-block-details-is-layout-flow\" style=\"padding-top:var(--wp--preset--spacing--30);padding-right:var(--wp--preset--spacing--30);padding-bottom:var(--wp--preset--spacing--30);padding-left:var(--wp--preset--spacing--30)\"><summary><strong>Y aura-t-il des menus sp\u00e9ciaux (v\u00e9g\u00e9tariens, sans gluten &#8230;) dans les repas inclus ?<\/strong><\/summary>\n<p>Si vous l&rsquo;avez bien mentionn\u00e9 lors de l&rsquo;achat de votre billet, ces repas seront pris en compte. Dans le cas om vous auriez oubli\u00e9 de l&rsquo;indiquer, vous pouvez toujours modifier votre billet en cliquant sur le lien re\u00e7u dans l&#8217;email de confirmation d&rsquo;achat.<\/p>\n<\/details>\n\n\n\n<details class=\"wp-block-details has-custom-violet-tres-leger-background-color has-background is-layout-flow wp-block-details-is-layout-flow\" style=\"padding-top:var(--wp--preset--spacing--30);padding-right:var(--wp--preset--spacing--30);padding-bottom:var(--wp--preset--spacing--30);padding-left:var(--wp--preset--spacing--30)\"><summary><strong>Est-ce que le billet donne acc\u00e8s \u00e0 la journ\u00e9e de contribution ?<\/strong><\/summary>\n<p>La journ\u00e9e de contribution est organis\u00e9e par l&rsquo;association WPFR et est ind\u00e9pendante du WordCamp Toulouse 2025. Cette journ\u00e9e est gratuite et accessible \u00e0 tous les profils, techniques ou non.<\/p>\n\n\n\n<p>L&rsquo;inscription se fait via un formulaire g\u00e9r\u00e9 par WPFR.<\/p>\n\n\n\n<div class=\"wp-block-buttons is-layout-flex wp-block-buttons-is-layout-flex\">\n<div class=\"wp-block-button\"><a class=\"wp-block-button__link wp-element-button\" href=\"https:\/\/forms.gle\/KrUoVbgdxv7wohX48\" target=\"_blank\" rel=\"noreferrer noopener nofollow\">S&rsquo;inscrire \u00e0 la journ\u00e9e de contribution<\/a><\/div>\n<\/div>\n<\/details>\n\n\n\n<details class=\"wp-block-details has-custom-violet-tres-leger-background-color has-background is-layout-flow wp-block-details-is-layout-flow\" style=\"padding-top:var(--wp--preset--spacing--30);padding-right:var(--wp--preset--spacing--30);padding-bottom:var(--wp--preset--spacing--30);padding-left:var(--wp--preset--spacing--30)\"><summary><strong>Le lieu de l&rsquo;\u00e9v\u00e9nement est-il accessible (fauteuils roulants, &#8230;) ?<\/strong><\/summary>\n<p>Toutes les informations concernant l&rsquo;accessibilit\u00e9 sur le lieu de l&rsquo;\u00e9v\u00e9nement sont disponibles <a href=\"https:\/\/theatre-cite.com\/accessibilite\/#laccessibilite-du-batiment\" target=\"_blank\" rel=\"noreferrer noopener nofollow\">sur le site du Th\u00e9\u00e2tredelaCit\u00e9<\/a>.<\/p>\n<\/details>\n<\/div>\n<\/div>\n","protected":false},"excerpt":{"rendered":"<p>Acc\u00e8s rapides Les horaires Les bagages Covoiturage et cododo Les transports La FAQ Jeudi 22 mai 2025 Journ\u00e9e de contribution La Cantine27 rue d\u2019Aubuisson,31000 Toulouse \ud83d\udd17 https:\/\/lacantine-toulouse.org\/ Vendredi 23 mai 2025 WordCamp Toulouse Th\u00e9\u00e2tredelaCit\u00e9 &#8211; CDN &#8211; Toulouse Occitannie3 Rue Labeda31000 Toulouse \ud83d\udd17 https:\/\/theatre-cite.com\/ Les horaires Le WordCamp Toulouse 2025 ouvrira ses portes \u00e0 8h15 [&hellip;]<\/p>\n","protected":false},"author":20913861,"featured_media":322,"parent":0,"menu_order":0,"comment_status":"closed","ping_status":"closed","template":"wp-custom-template-page-fond-violet","meta":{"advanced_seo_description":"","jetpack_seo_html_title":"","jetpack_seo_noindex":false,"jetpack_post_was_ever_published":true,"footnotes":""},"class_list":["post-231","page","type-page","status-publish","has-post-thumbnail","hentry"],"jetpack_sharing_enabled":true,"_links":{"self":[{"href":"https:\/\/toulouse.wordcamp.org\/2025\/wp-json\/wp\/v2\/pages\/231","targetHints":{"allow":["GET"]}}],"collection":[{"href":"https:\/\/toulouse.wordcamp.org\/2025\/wp-json\/wp\/v2\/pages"}],"about":[{"href":"https:\/\/toulouse.wordcamp.org\/2025\/wp-json\/wp\/v2\/types\/page"}],"author":[{"embeddable":true,"href":"https:\/\/toulouse.wordcamp.org\/2025\/wp-json\/wp\/v2\/users\/20913861"}],"replies":[{"embeddable":true,"href":"https:\/\/toulouse.wordcamp.org\/2025\/wp-json\/wp\/v2\/comments?post=231"}],"version-history":[{"count":53,"href":"https:\/\/toulouse.wordcamp.org\/2025\/wp-json\/wp\/v2\/pages\/231\/revisions"}],"predecessor-version":[{"id":3645,"href":"https:\/\/toulouse.wordcamp.org\/2025\/wp-json\/wp\/v2\/pages\/231\/revisions\/3645"}],"wp:featuredmedia":[{"embeddable":true,"href":"https:\/\/toulouse.wordcamp.org\/2025\/wp-json\/wp\/v2\/media\/322"}],"wp:attachment":[{"href":"https:\/\/toulouse.wordcamp.org\/2025\/wp-json\/wp\/v2\/media?parent=231"}],"curies":[{"name":"wp","href":"https:\/\/api.w.org\/{rel}","templated":true}]}}